5/6*b**3 - 5/24*b**4 + 1/60*b**5 + 0*b + 0 - 25*b**2. Calculate o(5).
-5
Let d(i) = 4*i - 4. Let y(n) = 21*n - 22. Let o = 141 + -137. Let h(l) = o*y(l) - 22*d(l). Give h(1).
-4
Suppose 0 = -21*i + 24*i - 9. Let c(f) be the first derivative of f**4/4 - 2*f**3/3 + f**2 - 4*f - 5. Determine c(i).
11
Let h be 11/(-2)*96/(-88). Suppose -10*t - 4 = -h*t. Let d(n) = -8*n - 1. What is d(t)?
7
Suppose 5*q - 2*s - 17 = 0, -3*q + 1 = -q + 5*s. Let c(m) = -m + q + 2 - 4*m + 4*m. Determine c(4).
1
Let x = 149 + -156. Let n(l) = l**2 + 11*l + 9. Give n(x).
-19
Let t(j) = -j**2 - 18*j - 47. Let b be (8/6)/(36/(-378)). Let p be t(b). Let x(v) = -v + 15. Determine x(p).
6
Let m(u) = -3*u + 7*u + 71 + 46 - 106. Give m(-4).
-5
Let i(a) = -1 + 3 - 5 + 6 + a**3 + 2*a**2. Give i(-3).
-6
Let m(x) = -5. Let c(v) = v**3 + v**2. Let o be c(0). Let t = o - 9. Let k(i) = -i - 20. Let p(r) = t*m(r) + 2*k(r). Give p(4).
-3
Let w(m) = -m**3 - 3*m**2 + 4*m + 6. Let f be w(-4). Let z(a) = -2 + a**2 - 3*a**2 + 3*a + a**3 + a**2 - 5*a**2. What is z(f)?
16
Let c(u) be the third derivative of -u**5/60 - u**4/12 + 2*u**3/3 + 21*u**2. Determine c(6).
-44
Let v(b) be the third derivative of -b**5/60 - b**4/8 - b**3 - 84*b**2 - b. Calculate v(-3).
-6
Let l = -331 + 344. Let s(o) = o**2 - 15*o + 10. Calculate s(l).
-16
Let j(b) be the second derivative of -5*b**3/6 + b**2/2 + 86*b. Determine j(-3).
16
Suppose -4*y - 60 = 5*z, y - z = 2*y + 14. Let h(m) = -19*m**2 + m - 5. Let l(i) = 3*i**2 - 2*i. Let x(r) = h(r) + 6*l(r). Give x(y).
5
Let a(j) = -11*j**2 - 7*j - 72. Let v(c) = 4*c**2 + c + 24. Let m(q) = 3*a(q) + 8*v(q). Determine m(-10).
6
Let p(h) be the third derivative of -1/120*h**6 + 1/4*h**4 + 0*h + h**3 + 1/12*h**5 + 0 - h**2. Suppose 0 = 2*s - 3*s + i + 10, 4*s = 2*i + 32. Calculate p(s).
6
Let d(g) = -5*g**2 + 6*g**3 + 0*g - 4*g**3 - g**3 - 2 + 4*g. Let k(c) = 2*c - 18. Let b be k(11). Determine d(b).
-2
Suppose -r + 4*d + 19 = 0, -d = -2*r - 5*d - 10. Let s(m) = -r*m + 4*m - m + 2 + 2*m. What is s(2)?
6
Let q = 118 + -102. Let j(m) = -2 - 28*m + q*m + 15*m - m**3 + 4*m**2. What is j(5)?
-12
Suppose -25 - 35 = -12*n. Let b(l) = 2*l + 6. Calculate b(n).
16
Let f be 12 - 24*(-14)/(-28). Let n(t) = -t - 3. Determine n(f).
-3
Let q(j) = -j**3 + 13*j**2 - 2*j + 26. Let n be q(13). Suppose 0 = -5*x + 5 + 5. Let u(b) = -2*b**x + 20*b - 10*b - 9*b + b**2 - 3. What is u(n)?
-3
Let t(n) be the first derivative of -4*n + 5/3*n**3 + 1/4*n**4 + n**2 - 8. What is t(-4)?
4
Let m(z) = z**3 + 5*z**2 - 7*z - 2. Let c(y) = -y - 3. Let h be c(-3). Let k = 579 - 567. Suppose 2*d + h + k = 0. Determine m(d).
4
Let w be (1/3)/(1/9). Let y(b) = -b + 7. Let m be y(w). Let h(p) = -12 + p**3 - m*p - 9 - 4*p**2 + 19. Calculate h(5).
3
Suppose -3*g + v + 18 = 0, -3*v + 13 + 11 = 4*g. Suppose g*r - r = -i + 12, 0 = 3*r. Suppose -3*x + 6*x = i. Let t(c) = c**2 - 3*c - 4. Give t(x).
0
Let w(g) = -7*g**3 - 4*g**2 + g - 1. Let z(p) = -16*p**3 - 8*p**2 + 2*p - 3. Let r(o) = -7*w(o) + 3*z(o). Calculate r(-4).
2
Let j(l) = 2*l**3 - 3*l**2 + l - 1. Suppose 4*g - 12 = g, 0 = -5*b - g - 71. Let y be ((-10)/25)/(3/b). What is j(y)?
5
Suppose -3*n - 41 + 44 = 0. Let z(l) = 15*l**3 + l - 1. What is z(n)?
15
Let d(q) = -q**2 - 9*q + 10. Let a be d(-9). Let g(x) = 5 - 15*x - 3*x**3 + 4*x**3 - 2*x**2 + a*x. What is g(4)?
17
Let s(w) = 3*w**2 + 2*w - 1. Let j(y) = 2*y**2 - 16*y + 20. Let p be j(6). Determine s(p).
39
Suppose -12 = 3*f, -2*f = 2*c + 2*f + 10. Let r(s) = 3*s**2 - 3*s - 4*s**2 - c*s**3 + 0*s**3 - 1 + s. Calculate r(-1).
3
Let o(t) be the first derivative of -2*t**3/3 + t**2 - t - 145. Give o(-2).
-13
Suppose -2*v + 5*v = y, 2*v = 5*y - 13. Let s(f) = -y - f**2 + 2*f**2 - 5 + 9. Calculate s(0).
1
Let h be (4/1)/(10/25). Let f(m) = 0 - 3*m + 1 - h - 3*m. Let s(n) = 5*n + 8. Let l(b) = 4*f(b) + 5*s(b). Determine l(-6).
-2
Let o(p) = -12*p + 7 + 2*p - 3*p + 3*p + p**2 - 3*p. Give o(13).
7
Let h = -2 - -1. Let s(u) = -21*u**3 - 2*u**2 + 15*u + 2. Let o(g) = 10*g**3 + g**2 - 7*g - 1. Let v(d) = 13*o(d) + 6*s(d). Determine v(h).
-3
Let g(u) = u**3 - u**2 + 13. Let k(y) = -y**2 - 81*y + 340. Let l be k(-85). Give g(l).
13
Let x(k) = 3*k - 188 - 3*k + 93 - k**2 + 94. Suppose 3*d + c = 1, -4*d + 0*d - c + 1 = 0. Determine x(d).
-1
Let f(n) be the first derivative of 2*n**3/3 + n**2/2 - 2*n - 3. Let m = 9 + -6. Suppose 3*j + m*v - 1 = 2, 4*j - 2*v = -14. Calculate f(j).
4
Let j(p) = -6 - 27*p**3 + 65*p**3 - 39*p**3. Suppose 4*a - 8 = -k, 3*k - 2 = -3*a + 2*a. Determine j(k).
-6
Let p be -4*2018/(-32) + (-1)/4. Let i be (p/54)/(4/6). Let l(w) = 2*w - 6. Let y(t) = -t + 1. Let f(z) = l(z) + y(z). Calculate f(i).
2
Let u(g) = 3. Let o(a) = -a + 10. Let i(x) = 2*o(x) - 7*u(x). Let h be 5*(0 + (-1 - -2)). Suppose 2*v = 4*t + v + 13, 0 = -h*v - 15. Determine i(t).
7
Let m(y) = -6*y**2 + y - 5. Let q(c) = -13*c**2 + c - 12. Let f(k) = 5*m(k) - 2*q(k). Calculate f(2).
-11
Suppose 24 = 3*f + f + 4*d, 5*d = 5*f + 20. Let o(p) be the first derivative of -p**3/3 - 27. Determine o(f).
-1
Let m(a) = -24*a**3 - a**2 + 2*a + 2. Let d(n) = -2*n**2 + 15*n + 16. Let y be d(-1). Determine m(y).
23
Let d(q) = 2*q**3 - 11*q**2 + q + 8. Let y(r) = r**3 - 6*r**2 + r + 4. Let b(k) = 3*k**2 - 5*k. Let f be b(2). Let j(n) = f*d(n) - 5*y(n). Calculate j(7).
24
Suppose -2*g + 5*g + 5*u = -46, -4*g - 13 = -3*u. Let z(r) = -1766*r**2 + 5*r - 3*r**3 + 1 + 2*r**3 + 1760*r**2. What is z(g)?
15
Let v(z) be the second derivative of -z**4/12 - 7*z**3/6 + 4*z**2 + 9*z. Let w(l) be the first derivative of v(l). Calculate w(-7).
7
Let j(a) be the third derivative of 1/24*a**4 + 0*a + 0 - 20*a**2 + 1/3*a**3. Give j(5).
7
Let j(q) = 3*q**2 + 14*q + 13. Let d(f) = 2*f**2 + 7*f + 6. Let s(u) = 5*d(u) - 3*j(u). Determine s(10).
21
Let s(b) be the first derivative of -b**4/4 + 7*b**3/3 + 7*b**2/2 + 152. What is s(8)?
-8
Let z(u) = 2*u**2 - 20*u - 1. Let h be z(10). Let w be (3/(6/(-4)))/h. Let s(f) = 2*f**2 - 3*f. What is s(w)?
2
Let m(w) = w**2 - 10*w - 2. Let a be 24/(-7)*420/(-180). Determine m(a).
-18
Let h(c) be the third derivative of 5*c**4/24 - 19*c**3/6 + c**2 + 26. Give h(5).
6
Let v(s) = -s - 14. Let h be (-2 - 3)*(-9)/5. Let n(f) = 2*f + 29. Let a(y) = h*v(y) + 4*n(y). Let q be 2/(-1) + -6 + 8. What is a(q)?
-10
Let n(v) = -v + 17. Let s be 8/(-60) + (-77)/(-15). Suppose 0 = -2*u, -3*y - s*u - 6 = -30. What is n(y)?
9
Let k(i) be the first derivative of -i**2 - 2*i - 636. Calculate k(-1).
0
Let k(g) = 27*g**2 - 50*g + 55. Let c(u) = -5*u**2 + 10*u - 11. Let h(d) = -11*c(d) - 2*k(d). Give h(9).
2
Suppose 4*w = 3*f - 319, -4*w + 416 = 6*f - 2*f. Let x be ((-3)/9)/(7/f). Let t(o) = -o + 2. Determine t(x).
7
Let y(w) = 47*w**3 - 14*w**2 - 4*w - 4. Let o(f) = -8*f**3 + f**2 - 1. Let b(c) = 6*o(c) + y(c). What is b(-8)?
22
Let a(b) be the first derivative of 5/2*b**2 - 1/3*b**4 + 0*b**3 + 0*b - 3. Let z(l) be the second derivative of a(l). Give z(1).
-8
Let q(k) = k**3 + 14*k**2 + 14*k + 4. Suppose -2*c = z + 13, -4*z - 3*c = -23 + 75. Give q(z).
-9
Let k = -63 - -68. Let j(v) = -9 + v**2 + k + 3 + 0*v**2 - v**3. Calculate j(-1).
1
Let o(g) = -11124 + 0*g + 11107 - g. What is o(-12)?
-5
Suppose 22 = 8*q - 130. Let t = 22 - q. Let h(k) = 2*k**2 - 4 - 2*k - 2*k**2 + k**2. Calculate h(t).
-1
Let m = 26 + -31. Let c = 2 - m. Let v(h) = 10*h**3 + 16*h**2 + 3*h - 1. Let g(o) = 3*o**3 + 5*o**2 + o. Let x(q) = c*g(q) - 2*v(q). What is x(-2)?
4
Let d(y) = -8*y - 147. Let m be d(-18). Let i(w) = 17*w + 1. What is i(m)?
-50
Let u(p) be the second derivative of p**4/12 - 13*p**3/6 + p**2 - 28*p + 4. Determine u(13).
2
Let z = -224 - -449/2. Let w(q) be the second derivative of 1/2*q**2 + 0 - z*q**3 + 4*q + 1/12*q**4. Determine w(3).
1
Let a(x) = x**3 + 5*x**2 - 6*x - 6. Let h be (112/(-21) + 4)/(4/18). Give a(h).
-6
Let o be (-9)/(-6) + (-2)/(-4). Let u(b) = -b**2 + b + 2. Let j(p) = -5*p**2 + 5*p + 7. Let i(m) = o*j(m) - 9*u(m). Suppose 0 = -24*r + 21*r. What is i(r)?
-4
Let a(l) = -l**2 + l**2 + 3 + l**2 - 3*l. Suppose -9*o = 10 - 46. Give a(o).
7
Let p(w) be the third derivative of -1/6*w**3 - 3/8*w**4 - 2 + 39*w**2 + 0*w. Give p(-1).
8
Suppose 47*p - 44*p = 6. Let v(m) = 9*m + p - 2 - 8*m - 3. What is v(7)?
4
Let l(m) = -m**3 - 39*m**2 - 33*m + 188. Let x be 